hat is the hundreds digit of 282137?
1
What is the hundreds digit of 852836?
8
What is the thousands digit of 5169411?
9
What is the hundred thousands digit of 9313900?
3
What is the units digit of 2257007?
7
What is the thousands digit of 5088911?
8
What is the units digit of 793487?
7
What is the thousands digit of 1605686?
5
What is the hundred thousands digit of 114963?
1
What is the units digit of 483901?
1
What is the hundreds digit of 1262325?
3
What is the hundred thousands digit of 232796?
2
What is the millions digit of 3171244?
3
What is the units digit of 19292893?
3
What is the hundred thousands digit of 5370553?
3
What is the hundred thousands digit of 14223387?
2
What is the hundreds digit of 3790756?
7
What is the ten thousands digit of 88586?
8
What is the tens digit of 1706613?
1
What is the hundred thousands digit of 11626901?
6
What is the ten thousands digit of 98245?
9
What is the tens digit of 1099297?
9
What is the hundred thousands digit of 185701?
1
What is the ten thousands digit of 22924378?
2
What is the units digit of 3204070?
0
What is the tens digit of 5589029?
2
What is the millions digit of 1474369?
1
What is the tens digit of 2095046?
4
What is the hundreds digit of 5944311?
3
What is the hundred thousands digit of 4054597?
0
What is the tens digit of 106133?
3
What is the millions digit of 12883304?
2
What is the hundreds digit of 331750?
7
What is the millions digit of 3948644?
3
What is the millions digit of 2830814?
2
What is the hundred thousands digit of 9768643?
7
What is the hundred thousands digit of 15797557?
7
What is the units digit of 21963?
3
What is the thousands digit of 2240?
2
What is the thousands digit of 4155554?
5
What is the units digit of 262833?
3
What is the millions digit of 12360826?
2
What is the hundred thousands digit of 14428277?
4
What is the thousands digit of 1025287?
5
What is the millions digit of 11877147?
1
What is the hundred thousands digit of 1489149?
4
What is the millions digit of 5528238?
5
What is the thousands digit of 228446?
8
What is the hundreds digit of 194866?
8
What is the ten thousands digit of 167019?
6
What is the tens digit of 19587269?
6
What is the hundreds digit of 229064?
0
What is the hundred thousands digit of 1466172?
4
What is the units digit of 248957?
7
What is the ten thousands digit of 321772?
2
What is the thousands digit of 241468?
1
What is the ten thousands digit of 3396633?
9
What is the units digit of 11890927?
7
What is the thousands digit of 59504?
9
What is the units digit of 166180?
0
What is the units digit of 18726730?
0
What is the hundred thousands digit of 1019391?
0
What is the thousands digit of 875773?
5
What is the ten thousands digit of 99516?
9
What is the hundred thousands digit of 617908?
6
What is the hundreds digit of 7729?
7
What is the tens digit of 10666664?
6
What is the hundred thousands digit of 645094?
6
What is the thousands digit of 6738528?
8
What is the thousands digit of 1480528?
0
What is the units digit of 372924?
4
What is the units digit of 292986?
6
What is the hundred thousands digit of 3748358?
7
What is the ten thousands digit of 19510219?
1
What is the hundred thousands digit of 323066?
3
What is the hundreds digit of 5409177?
1
What is the units digit of 5736874?
4
What is the ten thousands digit of 2482900?
8
What is the ten thousands digit of 39007395?
0
What is the tens digit of 65848?
4
What is the hundred thousands digit of 3523930?
5
What is the ten thousands digit of 925015?
2
What is the ten thousands digit of 58608?
5
What is the hundred thousands digit of 139978?
1
What is the hundred thousands digit of 170957?
1
What is the thousands digit of 23563?
3
What is the hundred thousands digit of 1547598?
5
What is the hundred thousands digit of 1819176?
8
What is the hundreds digit of 68280?
2
What is the units digit of 4923289?
9
What is the units digit of 775369?
9
What is the tens digit of 1434952?
5
What is the millions digit of 1640943?
1
What is the thousands digit of 5097923?
7
What is the hundred thousands digit of 2405094?
4
What is the ten thousands digit of 1547351?
4
What is the hundred thousands digit of 445041?
4
What is the units digit of 1454304?
4
What is the tens digit of 75976?
7
What is the tens digit of 76952?
5
What is the hundred thousands digit of 12817502?
8
What is the thousands digit of 2788718?
8
What is the hundreds digit of 18862134?
1
What is the ten thousands digit of 323915?
2
What is the ten thousands digit of 394600?
9
What is the tens digit of 3820450?
5
What is the units digit of 3658554?
4
What is the thousands digit of 2949365?
9
What is the ten thousands digit of 182024?
8
What is the units digit of 1043928?
8
What is the ten thousands digit of 90543?
9
What is the thousands digit of 3093119?
3
What is the thousands digit of 194787?
4
What is the ten thousands digit of 1881788?
8
What is the ten thousands digit of 918383?
1
What is the thousands digit of 2732645?
2
What is the units digit of 5202947?
7
What is the tens digit of 9407522?
2
What is the units digit of 505244?
4
What is the ten thousands digit of 4817665?
1
What is the tens digit of 727632?
3
What is the ten thousands digit of 2047600?
4
What is the units digit of 18513281?
1
What is the tens digit of 120318?
1
What is the millions digit of 1898803?
1
What is the hundred thousands digit of 34538270?
5
What is the units digit of 87474?
4
What is the ten thousands digit of 2569251?
6
What is the tens digit of 99143?
4
What is the tens digit of 228734?
3
What is the thousands digit of 174464?
4
What is the millions digit of 12572117?
2
What is the tens digit of 566416?
1
What is the units digit of 1394632?
2
What is the hundreds digit of 879289?
2
What is the hundreds digit of 269575?
5
What is the hundreds digit of 10299862?
8
What is the tens digit of 4337458?
5
What is the hundreds digit of 253854?
8
What is the tens digit of 7332246?
4
What is the millions digit of 5742908?
5
What is the ten millions digit of 23474688?
2
What is the tens digit of 1658682?
8
What is the ten thousands digit of 2645709?
4
What is the millions digit of 27949570?
7
What is the units digit of 37562450?
0
What is the hundreds digit of 1440656?
6
What is the ten millions digit of 17658776?
1
What is the tens digit of 33910?
1
What is the hundred thousands digit of 306615?
3
What is the tens digit of 1829865?
6
What is the units digit of 6565699?
9
What is the ten thousands digit of 4673300?
7
What is the tens digit of 24936684?
8
What is the hundreds digit of 1324622?
6
What is the millions digit of 4824373?
4
What is the units digit of 2398089?
9
What is the thousands digit of 5851995?
1
What is the units digit of 8220107?
7
What is the ten thousands digit of 708623?
0
What is the units digit of 141059?
9
What is the tens digit of 1221610?
1
What is the millions digit of 2611505?
2
What is the thousands digit of 9978607?
8
What is the hundred thousands digit of 2025586?
0
What is the ten thousands digit of 9425559?
2
What is the thousands digit of 766597?
6
What is the hundred thousands digit of 484176?
4
What is the thousands digit of 200165?
0
What is the hundreds digit of 27934?
9
What is the hundreds digit of 188327?
3
What is the units digit of 933330?
0
What is the hundreds digit of 3254410?
4
What is the hundred thousands digit of 8532486?
5
What is the hundreds digit of 3226?
2
What is the hundred thousands digit of 455833?
4
What is the thousands digit of 300335?
0
What is the ten thousands digit of 2459953?
5
What is the tens digit of 1679665?
6
What is the ten thousands digit of 20919324?
1
What is the tens digit of 27839656?
5
What is the units digit of 332695?
5
What is the ten thousands digit of 191373?
9
What is the ten thousands digit of 116268?
1
What is the hundreds digit of 378490?
4
What is the hundreds digit of 215362?
3
What is the millions digit of 2976735?
2
What is the tens digit of 27418152?
5
What is the millions digit of 24897503?
4
What is the tens digit of 4488?
8
What is the tens digit of 7663?
6
What is the millions digit of 4926291?
4
What is the ten thousands digit of 375552?
7
What is the ten thousands digit of 890978?
9
What is the ten thousands digit of 20790928?
9
Wha